d by 58.
27
What is the remainder when 28149 is divided by 13986?
177
What is the remainder when 52231 is divided by 44?
3
Calculate the remainder when 2790 is divided by 922.
24
Calculate the remainder when 3075 is divided by 21.
9
Calculate the remainder when 9281 is divided by 465.
446
Calculate the remainder when 158191 is divided by 46.
43
What is the remainder when 146368 is divided by 255?
253
What is the remainder when 212063 is divided by 131?
105
What is the remainder when 9427 is divided by 2351?
23
Calculate the remainder when 40950 is divided by 1853.
184
What is the remainder when 2284 is divided by 134?
6
What is the remainder when 2302 is divided by 626?
424
Calculate the remainder when 136318 is divided by 80.
78
What is the remainder when 67899 is divided by 396?
183
What is the remainder when 7781 is divided by 678?
323
Calculate the remainder when 1533 is divided by 968.
565
What is the remainder when 159732 is divided by 7?
6
Calculate the remainder when 19700 is divided by 1155.
65
Calculate the remainder when 37059 is divided by 5.
4
Calculate the remainder when 31947 is divided by 150.
147
What is the remainder when 174386 is divided by 223?
0
Calculate the remainder when 3193 is divided by 259.
85
Calculate the remainder when 24284 is divided by 456.
116
What is the remainder when 25052 is divided by 464?
460
What is the remainder when 5799 is divided by 2895?
9
Calculate the remainder when 1577856 is divided by 211.
209
What is the remainder when 32898 is divided by 167?
166
Calculate the remainder when 2053 is divided by 2.
1
What is the remainder when 45581 is divided by 22?
19
Calculate the remainder when 3407 is divided by 77.
19
Calculate the remainder when 5833 is divided by 969.
19
What is the remainder when 9146 is divided by 226?
106
What is the remainder when 607314 is divided by 197?
160
What is the remainder when 133597 is divided by 271?
265
What is the remainder when 2604 is divided by 1301?
2
Calculate the remainder when 6198 is divided by 862.
164
What is the remainder when 1736 is divided by 363?
284
Calculate the remainder when 99869 is divided by 14267.
0
What is the remainder when 7510 is divided by 3525?
460
Calculate the remainder when 26202 is divided by 291.
12
What is the remainder when 3853 is divided by 239?
29
What is the remainder when 110367 is divided by 15?
12
Calculate the remainder when 12976 is divided by 245.
236
What is the remainder when 44545 is divided by 21963?
619
Calculate the remainder when 129643 is divided by 32392.
75
Calculate the remainder when 309224 is divided by 36.
20
What is the remainder when 9969 is divided by 37?
16
Calculate the remainder when 22175 is divided by 32.
31
Calculate the remainder when 2114 is divided by 108.
62
Calculate the remainder when 911 is divided by 92.
83
Calculate the remainder when 349664 is divided by 270.
14
What is the remainder when 3989 is divided by 23?
10
Calculate the remainder when 836764 is divided by 79.
75
What is the remainder when 58504 is divided by 1581?
7
Calculate the remainder when 12381 is divided by 442.
5
Calculate the remainder when 10937 is divided by 2177.
52
Calculate the remainder when 3049485 is divided by 108.
105
What is the remainder when 4357 is divided by 25?
7
What is the remainder when 1807 is divided by 571?
94
Calculate the remainder when 10458 is divided by 124.
42
Calculate the remainder when 8607 is divided by 178.
63
What is the remainder when 825479 is divided by 478?
451
Calculate the remainder when 7556 is divided by 7519.
37
What is the remainder when 6981 is divided by 211?
18
What is the remainder when 662687 is divided by 96?
95
What is the remainder when 31571 is divided by 859?
647
What is the remainder when 52977 is divided by 6?
3
Calculate the remainder when 191673 is divided by 425.
423
What is the remainder when 2678 is divided by 17?
9
What is the remainder when 3672844 is divided by 18?
16
Calculate the remainder when 1146075 is divided by 191011.
9
What is the remainder when 12699 is divided by 73?
70
What is the remainder when 6111 is divided by 678?
9
What is the remainder when 1816 is divided by 535?
211
Calculate the remainder when 50019 is divided by 137.
14
Calculate the remainder when 1435 is divided by 771.
664
What is the remainder when 5574 is divided by 556?
14
Calculate the remainder when 202200 is divided by 67319.
243
Calculate the remainder when 82412 is divided by 53.
50
Calculate the remainder when 7477 is divided by 3059.
1359
What is the remainder when 8001 is divided by 23?
20
Calculate the remainder when 25908 is divided by 1618.
20
Calculate the remainder when 18853 is divided by 4710.
13
What is the remainder when 820 is divided by 357?
106
What is the remainder when 7789 is divided by 7770?
19
Calculate the remainder when 431854 is divided by 423.
394
Calculate the remainder when 3107 is divided by 61.
57
What is the remainder when 22207 is divided by 64?
63
What is the remainder when 6029 is divided by 1543?
1400
Calculate the remainder when 19695 is divided by 4.
3
What is the remainder when 673 is divided by 223?
4
Calculate the remainder when 26371 is divided by 1392.
1315
Calculate the remainder when 49404 is divided by 135.
129
Calculate the remainder when 8476 is divided by 2031.
352
Calculate the remainder when 5927 is divided by 1931.
134
What is the remainder when 2129 is divided by 960?
209
What is the remainder when 38604 is divided by 97?
95
What is the remainder when 472460 is divided by 23?
17
What is the remainder when 28357 is divided by 76?
9
Calculate the remainder when 579265 is divided by 579264.
1
Calculate the remainder when 1137 is divided by 482.
173
What is the remainder when 618 is divided by 380?
238
What is the remainder when 87842 is divided by 1862?
328
Calculate the remainder when 10653 is divided by 86.
75
What is the remainder when 47180 is divided by 1180?
1160
Calculate the remainder when 10653 is divided by 10641.
12
What is the remainder when 3148 is divided by 175?
173
What is the remainder when 110824 is divided by 307?
304
What is the remainder when 115820 is divided by 38?
34
Calculate the remainder when 6553 is divided by 21.
1
Calculate the remainder when 3574 is divided by 1176.
46
Calculate the remainder when 16007 is divided by 23.
22
Calculate the remainder when 73233 is divided by 851.
47
What is the remainder when 2767 is divided by 11?
6
Calculate the remainder when 10178 is divided by 1029.
917
Calculate the remainder when 8351 is divided by 2781.
8
What is the remainder when 449 is divided by 92?
81
What is the remainder when 12913 is divided by 240?
193
Calculate the remainder when 97811 is divided by 317.
175
What is the remainder when 1009 is divided by 254?
247
Calculate the remainder when 6724154 is divided by 15.
14
What is the remainder when 17082 is divided by 5355?
1017
What is the remainder when 328688 is divided by 109561?
5
Calculate the remainder when 256238 is divided by 17.
14
Calculate the remainder when 492028 is divided by 105.
103
Calculate the remainder when 3124 is divided by 612.
64
What is the remainder when 94 is divided by 75?
19
Calculate the remainder when 7816 is divided by 115.
111
Calculate the remainder when 10035 is divided by 1464.
1251
What is the remainder when 13096 is divided by 25?
21
What is the remainder when 4092 is divided by 1026?
1014
Calculate the remainder when 21850 is divided by 47.
42
Calculate the remainder when 23684 is divided by 5641.
1120
Calculate the remainder when 2135 is divided by 357.
350
Calculate the remainder when 201 is divided by 43.
29
Calculate the remainder when 592055 is divided by 32.
23
What is the remainder when 23457 is divided by 21?
0
Calculate the remainder when 4807 is divided by 36.
19
What is the remainder when 10696 is divided by 2661?
52
Calculate the remainder when 3177654 is divided by 1506.
1500
What is the remainder when 1348 is divided by 325?
48
Calculate the remainder when 2779 is divided by 99.
7
Calculate the remainder when 30356 is divided by 86.
84
What is the remainder when 1107 is divided by 974?
133
What is the remainder when 3079 is divided by 5?
4
Calculate the remainder when 12702 is divided by 41.
33
C